{"id":120,"date":"2024-09-20T10:43:29","date_gmt":"2024-09-20T08:43:29","guid":{"rendered":"https:\/\/kimatech.fr\/?page_id=120"},"modified":"2024-09-20T10:43:30","modified_gmt":"2024-09-20T08:43:30","slug":"politique-environnementale","status":"publish","type":"page","link":"https:\/\/kimatech.fr\/?page_id=120","title":{"rendered":"Politique environnementale"},"content":{"rendered":"\n<p>Face \u00e0 l\u2019enjeu climatique, la direction de la soci\u00e9t\u00e9 Kimatech SAS s\u2019engage \u00e0 mettre en place un Syst\u00e8me de Management Environnemental visant \u00e0 g\u00e9rer et contr\u00f4ler les impacts environnementaux li\u00e9s aux activit\u00e9s de l\u2019entreprise.<\/p>\n\n\n\n<p>Dans un objectif d\u2019am\u00e9lioration continue, cette politique sera affin\u00e9e chaque ann\u00e9e. Elle est de plus communiqu\u00e9e \u00e0 l\u2019ensemble des collaborateurs et partenaires de la soci\u00e9t\u00e9.<\/p>\n\n\n\n<p>La r\u00e9duction de l\u2019empreinte environnementale de la soci\u00e9t\u00e9 se d\u00e9cline selon quatre axes&nbsp;:<\/p>\n\n\n\n<h2 class=\"wp-block-heading\">Sobri\u00e9t\u00e9 num\u00e9rique<\/h2>\n\n\n\n<ul class=\"wp-block-list\">\n<li>S\u2019assurer que les d\u00e9veloppements logiciels r\u00e9sultants des activit\u00e9s de la soci\u00e9t\u00e9 n\u2019entra\u00eenent pas une obsolescence logicielle mat\u00e9rielle non souhait\u00e9e<\/li>\n\n\n\n<li>R\u00e9duire l\u2019emprunte carbone li\u00e9e \u00e0 l\u2019utilisation de l\u2019Intelligence Artificielle<\/li>\n<\/ul>\n\n\n\n<h2 class=\"wp-block-heading\">Contr\u00f4le des donn\u00e9es pr\u00e9sentes sur le cloud<\/h2>\n\n\n\n<ul class=\"wp-block-list\">\n<li>Assurer un suivi r\u00e9gulier des donn\u00e9es stock\u00e9es sur le cloud<\/li>\n\n\n\n<li>Privil\u00e9gier un stockage \u00ab\u00a0froid\u00a0\u00bb pour les donn\u00e9es rarement acc\u00e9d\u00e9es<\/li>\n<\/ul>\n\n\n\n<h2 class=\"wp-block-heading\">Limitation de l\u2019empreinte carbone li\u00e9e aux d\u00e9placements professionnels<\/h2>\n\n\n\n<ul class=\"wp-block-list\">\n<li>Pas de trajet en avion s\u2019il est possible de r\u00e9aliser le trajet en train en moins de 8 heures<\/li>\n\n\n\n<li>Privil\u00e9gier le travail avec des clients proches g\u00e9ographiquement<\/li>\n<\/ul>\n\n\n\n<h2 class=\"wp-block-heading\">Achats responsables<\/h2>\n\n\n\n<ul class=\"wp-block-list\">\n<li>Ne pas renouveler de mat\u00e9riel informatique avant 6 ans d\u2019utilisation<\/li>\n\n\n\n<li>Faire appel \u00e0 des fournisseurs responsables et locaux<\/li>\n<\/ul>\n\n\n\n<p>Le pr\u00e9sident de la soci\u00e9t\u00e9, Florent Rioland, s\u2019assurera que cette politique est appliqu\u00e9e pour toutes les activit\u00e9s de la soci\u00e9t\u00e9.<\/p>\n","protected":false},"excerpt":{"rendered":"<p>Face \u00e0 l\u2019enjeu climatique, la direction de la soci\u00e9t\u00e9 Kimatech SAS s\u2019engage \u00e0 mettre en place un Syst\u00e8me de Management Environnemental visant \u00e0 g\u00e9rer et contr\u00f4ler les impacts environnementaux li\u00e9s &#8230;<\/p>\n","protected":false},"author":1,"featured_media":0,"parent":0,"menu_order":0,"comment_status":"closed","ping_status":"closed","template":"","meta":{"footnotes":""},"class_list":["post-120","page","type-page","status-publish","hentry"],"yoast_head":"<!-- This site is optimized with the Yoast SEO plugin v24.1 - https:\/\/yoast.com\/wordpress\/plugins\/seo\/ -->\n<title>Politique environnementale - Kimatech<\/title>\n<meta name=\"robots\" content=\"index, follow, max-snippet:-1, max-image-preview:large, max-video-preview:-1\" \/>\n<link rel=\"canonical\" href=\"https:\/\/kimatech.fr\/?page_id=120\" \/>\n<meta property=\"og:locale\" content=\"fr_FR\" \/>\n<meta property=\"og:type\" content=\"article\" \/>\n<meta property=\"og:title\" content=\"Politique environnementale - Kimatech\" \/>\n<meta property=\"og:description\" content=\"Face \u00e0 l\u2019enjeu climatique, la direction de la soci\u00e9t\u00e9 Kimatech SAS s\u2019engage \u00e0 mettre en place un Syst\u00e8me de Management Environnemental visant \u00e0 g\u00e9rer et contr\u00f4ler les impacts environnementaux li\u00e9s ...\" \/>\n<meta property=\"og:url\" content=\"https:\/\/kimatech.fr\/?page_id=120\" \/>\n<meta property=\"og:site_name\" content=\"Kimatech\" \/>\n<meta property=\"article:modified_time\" content=\"2024-09-20T08:43:30+00:00\" \/>\n<meta name=\"twitter:card\" content=\"summary_large_image\" \/>\n<meta name=\"twitter:label1\" content=\"Dur\u00e9e de lecture estim\u00e9e\" \/>\n\t<meta name=\"twitter:data1\" content=\"2 minutes\" \/>\n<script type=\"application\/ld+json\" class=\"yoast-schema-graph\">{\"@context\":\"https:\/\/schema.org\",\"@graph\":[{\"@type\":\"WebPage\",\"@id\":\"https:\/\/kimatech.fr\/?page_id=120\",\"url\":\"https:\/\/kimatech.fr\/?page_id=120\",\"name\":\"Politique environnementale - Kimatech\",\"isPartOf\":{\"@id\":\"http:\/\/kimatech.fr\/#website\"},\"datePublished\":\"2024-09-20T08:43:29+00:00\",\"dateModified\":\"2024-09-20T08:43:30+00:00\",\"breadcrumb\":{\"@id\":\"https:\/\/kimatech.fr\/?page_id=120#breadcrumb\"},\"inLanguage\":\"fr-FR\",\"potentialAction\":[{\"@type\":\"ReadAction\",\"target\":[\"https:\/\/kimatech.fr\/?page_id=120\"]}]},{\"@type\":\"BreadcrumbList\",\"@id\":\"https:\/\/kimatech.fr\/?page_id=120#breadcrumb\",\"itemListElement\":[{\"@type\":\"ListItem\",\"position\":1,\"name\":\"Accueil\",\"item\":\"https:\/\/kimatech.fr\/\"},{\"@type\":\"ListItem\",\"position\":2,\"name\":\"Politique environnementale\"}]},{\"@type\":\"WebSite\",\"@id\":\"http:\/\/kimatech.fr\/#website\",\"url\":\"http:\/\/kimatech.fr\/\",\"name\":\"Kimatech\",\"description\":\"Conseil en IA et ML\",\"publisher\":{\"@id\":\"http:\/\/kimatech.fr\/#organization\"},\"potentialAction\":[{\"@type\":\"SearchAction\",\"target\":{\"@type\":\"EntryPoint\",\"urlTemplate\":\"http:\/\/kimatech.fr\/?s={search_term_string}\"},\"query-input\":{\"@type\":\"PropertyValueSpecification\",\"valueRequired\":true,\"valueName\":\"search_term_string\"}}],\"inLanguage\":\"fr-FR\"},{\"@type\":\"Organization\",\"@id\":\"http:\/\/kimatech.fr\/#organization\",\"name\":\"Kimatech\",\"url\":\"http:\/\/kimatech.fr\/\",\"logo\":{\"@type\":\"ImageObject\",\"inLanguage\":\"fr-FR\",\"@id\":\"http:\/\/kimatech.fr\/#\/schema\/logo\/image\/\",\"url\":\"https:\/\/kimatech.fr\/wp-content\/uploads\/2023\/10\/cropped-logo_v1.png\",\"contentUrl\":\"https:\/\/kimatech.fr\/wp-content\/uploads\/2023\/10\/cropped-logo_v1.png\",\"width\":587,\"height\":132,\"caption\":\"Kimatech\"},\"image\":{\"@id\":\"http:\/\/kimatech.fr\/#\/schema\/logo\/image\/\"},\"sameAs\":[\"https:\/\/www.linkedin.com\/company\/98614150\/\"]}]}<\/script>\n<!-- \/ Yoast SEO plugin. -->","yoast_head_json":{"title":"Politique environnementale - Kimatech","robots":{"index":"index","follow":"follow","max-snippet":"max-snippet:-1","max-image-preview":"max-image-preview:large","max-video-preview":"max-video-preview:-1"},"canonical":"https:\/\/kimatech.fr\/?page_id=120","og_locale":"fr_FR","og_type":"article","og_title":"Politique environnementale - Kimatech","og_description":"Face \u00e0 l\u2019enjeu climatique, la direction de la soci\u00e9t\u00e9 Kimatech SAS s\u2019engage \u00e0 mettre en place un Syst\u00e8me de Management Environnemental visant \u00e0 g\u00e9rer et contr\u00f4ler les impacts environnementaux li\u00e9s ...","og_url":"https:\/\/kimatech.fr\/?page_id=120","og_site_name":"Kimatech","article_modified_time":"2024-09-20T08:43:30+00:00","twitter_card":"summary_large_image","twitter_misc":{"Dur\u00e9e de lecture estim\u00e9e":"2 minutes"},"schema":{"@context":"https:\/\/schema.org","@graph":[{"@type":"WebPage","@id":"https:\/\/kimatech.fr\/?page_id=120","url":"https:\/\/kimatech.fr\/?page_id=120","name":"Politique environnementale - Kimatech","isPartOf":{"@id":"http:\/\/kimatech.fr\/#website"},"datePublished":"2024-09-20T08:43:29+00:00","dateModified":"2024-09-20T08:43:30+00:00","breadcrumb":{"@id":"https:\/\/kimatech.fr\/?page_id=120#breadcrumb"},"inLanguage":"fr-FR","potentialAction":[{"@type":"ReadAction","target":["https:\/\/kimatech.fr\/?page_id=120"]}]},{"@type":"BreadcrumbList","@id":"https:\/\/kimatech.fr\/?page_id=120#breadcrumb","itemListElement":[{"@type":"ListItem","position":1,"name":"Accueil","item":"https:\/\/kimatech.fr\/"},{"@type":"ListItem","position":2,"name":"Politique environnementale"}]},{"@type":"WebSite","@id":"http:\/\/kimatech.fr\/#website","url":"http:\/\/kimatech.fr\/","name":"Kimatech","description":"Conseil en IA et ML","publisher":{"@id":"http:\/\/kimatech.fr\/#organization"},"potentialAction":[{"@type":"SearchAction","target":{"@type":"EntryPoint","urlTemplate":"http:\/\/kimatech.fr\/?s={search_term_string}"},"query-input":{"@type":"PropertyValueSpecification","valueRequired":true,"valueName":"search_term_string"}}],"inLanguage":"fr-FR"},{"@type":"Organization","@id":"http:\/\/kimatech.fr\/#organization","name":"Kimatech","url":"http:\/\/kimatech.fr\/","logo":{"@type":"ImageObject","inLanguage":"fr-FR","@id":"http:\/\/kimatech.fr\/#\/schema\/logo\/image\/","url":"https:\/\/kimatech.fr\/wp-content\/uploads\/2023\/10\/cropped-logo_v1.png","contentUrl":"https:\/\/kimatech.fr\/wp-content\/uploads\/2023\/10\/cropped-logo_v1.png","width":587,"height":132,"caption":"Kimatech"},"image":{"@id":"http:\/\/kimatech.fr\/#\/schema\/logo\/image\/"},"sameAs":["https:\/\/www.linkedin.com\/company\/98614150\/"]}]}},"_links":{"self":[{"href":"https:\/\/kimatech.fr\/index.php?rest_route=\/wp\/v2\/pages\/120","targetHints":{"allow":["GET"]}}],"collection":[{"href":"https:\/\/kimatech.fr\/index.php?rest_route=\/wp\/v2\/pages"}],"about":[{"href":"https:\/\/kimatech.fr\/index.php?rest_route=\/wp\/v2\/types\/page"}],"author":[{"embeddable":true,"href":"https:\/\/kimatech.fr\/index.php?rest_route=\/wp\/v2\/users\/1"}],"replies":[{"embeddable":true,"href":"https:\/\/kimatech.fr\/index.php?rest_route=%2Fwp%2Fv2%2Fcomments&post=120"}],"version-history":[{"count":1,"href":"https:\/\/kimatech.fr\/index.php?rest_route=\/wp\/v2\/pages\/120\/revisions"}],"predecessor-version":[{"id":121,"href":"https:\/\/kimatech.fr\/index.php?rest_route=\/wp\/v2\/pages\/120\/revisions\/121"}],"wp:attachment":[{"href":"https:\/\/kimatech.fr\/index.php?rest_route=%2Fwp%2Fv2%2Fmedia&parent=120"}],"curies":[{"name":"wp","href":"https:\/\/api.w.org\/{rel}","templated":true}]}}